 (base 7) to base 14.
33
26 (base 10) to base 16
1a
What is 0 (base 14) in base 9?
0
What is -14 (base 6) in base 12?
-a
What is -31 (base 9) in base 14?
-20
-130 (base 5) to base 3
-1111
Convert -72 (base 9) to base 11.
-5a
Convert 20 (base 11) to base 15.
17
Convert -72 (base 8) to base 4.
-322
What is 3 (base 14) in base 13?
3
-2 (base 6) to base 14
-2
-2 (base 3) to base 13
-2
-126 (base 8) to base 5
-321
11 (base 3) to base 7
4
Convert 6a (base 12) to base 4.
1102
-32 (base 6) to base 4
-110
What is -1 (base 9) in base 7?
-1
1 (base 9) to base 3
1
Convert 11 (base 10) to base 16.
b
What is -6 (base 15) in base 3?
-20
Convert -9 (base 15) to base 6.
-13
What is -1100 (base 2) in base 11?
-11
What is 10 (base 3) in base 9?
3
3 (base 13) to base 2
11
Convert 10110010 (base 2) to base 12.
12a
Convert 1010110 (base 2) to base 14.
62
What is 9 (base 13) in base 11?
9
-6 (base 11) to base 7
-6
Convert 0 (base 12) to base 15.
0
Convert -108 (base 16) to base 5.
-2024
What is -10 (base 2) in base 12?
-2
What is -4 (base 9) in base 13?
-4
-5 (base 12) to base 16
-5
17 (base 13) to base 10
20
33 (base 4) to base 8
17
What is -5 (base 15) in base 14?
-5
-110011 (base 2) to base 4
-303
0 (base 13) to base 6
0
Convert -110 (base 5) to base 3.
-1010
4 (base 5) to base 7
4
What is 1111111 (base 2) in base 12?
a7
12 (base 3) to base 8
5
What is -36 (base 11) in base 3?
-1110
What is 100100110 (base 2) in base 10?
294
2020 (base 3) to base 11
55
Convert 7 (base 14) to base 11.
7
Convert -1 (base 16) to base 12.
-1
Convert 102 (base 12) to base 3.
12102
Convert -1 (base 5) to base 10.
-1
Convert -32 (base 6) to base 15.
-15
What is -30 (base 5) in base 11?
-14
Convert -442 (base 5) to base 11.
-101
Convert -23 (base 6) to base 4.
-33
Convert 26 (base 10) to base 11.
24
Convert 71 (base 15) to base 13.
82
What is 3 (base 12) in base 13?
3
Convert -10 (base 2) to base 4.
-2
What is 44 (base 5) in base 10?
24
Convert -14 (base 12) to base 10.
-16
153 (base 11) to base 7
344
What is -1 (base 16) in base 12?
-1
-3 (base 11) to base 3
-10
Convert 0 (base 9) to base 2.
0
10 (base 3) to base 9
3
What is 47 (base 10) in base 13?
38
1 (base 4) to base 13
1
What is 2 (base 10) in base 14?
2
What is 4 (base 12) in base 13?
4
81 (base 13) to base 10
105
What is -2 (base 11) in base 12?
-2
-101 (base 2) to base 8
-5
Convert -21 (base 5) to base 3.
-102
What is -1 (base 9) in base 13?
-1
Convert 14 (base 5) to base 13.
9
Convert -6 (base 12) to base 10.
-6
-6b (base 13) to base 7
-155
-2 (base 6) to base 15
-2
-1012 (base 3) to base 11
-2a
101 (base 9) to base 16
52
Convert 1 (base 8) to base 12.
1
0 (base 6) to base 5
0
What is -1 (base 8) in base 6?
-1
What is -101 (base 2) in base 6?
-5
Convert 206 (base 12) to base 10.
294
Convert 54 (base 6) to base 14.
26
What is 3 (base 4) in base 14?
3
-2 (base 3) to base 10
-2
109 (base 12) to base 13
ba
What is -1b (base 14) in base 7?
-34
What is -6 (base 16) in base 6?
-10
Convert -6 (base 15) to base 4.
-12
What is 2 (base 15) in base 6?
2
What is 1a (base 12) in base 16?
16
What is 3 (base 5) in base 9?
3
-20 (base 12) to base 6
-40
1202 (base 3) to base 7
65
Convert 143 (base 6) to base 12.
53
What is 35 (base 12) in base 5?
131
33 (base 12) to base 5
124
Convert -7 (base 13) to base 9.
-7
What is 153 (base 6) in base 10?
69
4 (base 15) to base 2
100
Convert 100010 (base 2) to base 16.
22
Convert -1010100 (base 2) to base 12.
-70
-11000 (base 4) to base 6
-1252
Convert 21010 (base 3) to base 8.
300
What is 10120 (base 3) in base 13?
75
Convert -1020 (base 4) to base 16.
-48
Convert -102 (base 15) to base 7.
-443
What is 51 (base 7) in base 14?
28
Convert -352 (base 6) to base 4.
-2030
35 (base 11) to base 5
123
-44 (base 5) to base 16
-18
1011 (base 2) to base 8
13
What is 3 (base 5) in base 14?
3
What is 12 (base 9) in base 11?
10
3 (base 8) to base 12
3
What is 0 (base 5) in base 4?
0
Convert 1 (base 16) to base 11.
1
Convert -15 (base 10) to base 9.
-16
What is -11 (base 11) in base 9?
-13
Convert -1d (base 16) to base 6.
-45
What is 63 (base 14) in base 3?
10020
Convert -133 (base 4) to base 12.
-27
What is 114 (base 5) in base 10?
34
What is -2440 (base 5) in base 12?
-26a
4 (base 15) to base 14
4
What is -1b (base 15) in base 14?
-1c
Convert 1b (base 13) to base 5.
44
Convert -11 (base 7) to base 11.
-8
What is -2 (base 14) in base 4?
-2
102 (base 3) to base 14
b
1 (base 3) to base 8
1
152 (base 6) to base 12
58
4 (base 11) to base 6
4
What is 67 (base 15) in base 2?
1100001
-186 (base 11) to base 14
-115
What is -1201 (base 3) in base 8?
-56
-88 (base 14) to base 3
-11110
18 (base 13) to base 15
16
Convert -20 (base 4) to base 8.
-10
Convert c (base 13) to base 14.
c
-11 (base 3) to base 16
-4
Convert a9 (base 13) to base 15.
94
What is -212 (base 9) in base 12?
-125
Convert 3 (base 15) to base 3.
10
What is 31 (base 8) in base 12?
21
What is 4 (base 15) in base 6?
4
3 (base 6) to base 8
3
Convert -46 (base 8) to base 9.
-42
What is -10 (base 10) in base 11?
-a
What is -10 (base 9) in base 14?
-9
Convert 133 (base 4) to base 11.
29
13 (base 5) to base 11
8
Convert 29 (base 15) to base 5.
124
Convert 2 (base 13) to base 6.
2
16 (base 11) to base 15
12
a6 (base 13) to base 12
b4
Convert -4 (base 10) to base 8.
-4
What is -100 (base 3) in base 6?
-13
Convert -11333 (base 4) to base 14.
-1d5
Convert 1000011 (base 2) to base 4.
1003
4c (base 14) to base 11
62
-49 (base 11) to base 7
-104
Convert 1141 (base 6) to base 2.
100010101
-1a (base 12) to base 14
-18
-1010 (base 2) to base 14
-a
What is -1000101 (base 2) in base 3?
-2120
-19 (base 12) to base 3
-210
-2 (base 14) to base 2
-10
What is 37 (base 11) in base 16?
28
3 (base 11) to base 4
3
What is 4 (base 14) in base 6?
4
Convert -1a7 (base 14) to base 4.
-11113
Convert -11 (base 15) to base 12.
-14
-160 (base 7) to base 13
-70
Convert -1021 (base 3) to base 4.
-202
Convert -18 (base 9) to base 10.
-17
74 (base 10) to base 2
1001010
3 (base 10) to base 9
3
0 (base 13) to base 14
0
Convert 30 (base 6) to base 3.
200
What is 3 (base 11) in base 3?
10
-10001 (base 3) to base 13
-64
-13 (base 9) to base 10
-12
-34 (base 10) to base 12
-2a
Convert -46 (base 10) to base 6.
-114
-39 (base 10) to base 13
-30
Convert 22 (base 10) to base 5.
42
Convert 22 (base 14) to base 13.
24
Convert -10111 (base 2) to base 15.
-18
What is -11 (base 11) in base 8?
-14
1112 (base 3) to base 16
29
What is -46 (base 12) in base 9?
-60
What is -22 (base 6) in base 7?
-20
Convert -133 (base 4) to base 12.
-27
Convert -8 (base 14) to base 11.
-8
What is -1 (base 8) in base 9?
-1
What is -1 (base 12) in base 15?
-1
What is 45 (base 10) in base 5?
140
1c (base 16) to base 3
1001
Convert 11331 (base 4) to base 3.
112010
What is -104 (base 6) in base 3?
-1111
-20 (base 3) to base 7
-6
-8 (base 13) to base 10
-8
c (base 14) to base 6
20
-1111100 (base 2) to base 9
-147
What is 10110 (base 2) in base 5?
42
-43 (base 9) to base 6
-103
What is -16 (base 14) in base 2?
-10100
What is -2 (base 7) in base 2?
-10
What is -2 (base 9) in base 13?
-2
3 (base 8) to base 3
10
What is 0 (base 5) in base 9?
0
What is 241 (base 5) in base 12?
5b
Convert -30 (base 6) to base 5.
-33
8 (base 16) to base 11
8
Convert -23 (base 9) to base 8.
-25
Convert -1 (base 10) to base 3.
-1
Convert -4 (base 10) to base 8.
-4
What is 1 (base 11) in base 2?
1
What is -31 (base 5) in base 16?
-10
Convert a (base 11) to base 16.
a
What is -2 (base 15) in base 4?
-2
What is 5 (base 10) in base 6?
5
-102 (base 5) to base 3
-1000
Convert 3b (base 15) to base 11.
51
31 (base 13) to base 10
40
-2 (base 14) to base 8
-2
What is -c (base 14) in base 8?
-14
What is -24 (base 6) in base 5?
-31
Convert 240 (base 11) to base 3.
101121
Convert -3 (base 13) to base 11.
-3
Convert -10 (base 7) to base 2.
-111
Convert a5 (base 16) to base 13.
c9
-11 (base 4) to base 14
-5
What is -13 (base 4) in base 11?
-7
1130 (base 4) to base 14
68
3 (base 6) to base 16
3
Convert 3 (base 4) to base 13.
3
Convert 5 (base 13) to base 15.
5
-2 (base 13) to base 9
-2
What is 2 (base 8) in base 13?
2
32 (base 15) to base 4
233
Convert -134 (base 6) to base 13.
-46
Convert -97 (base 15) to base 4.
-2032
2 (base 15) to base 10
2
What is 4 (base 11) in base 12?
4
What